late the remainder when k is divided by 41.
40
Let s(g) = g**3 + 18*g**2 - 16*g + 76. Let y be s(-19). What is the remainder when 3 is divided by (-1)/2*19/(y/(-6))?
0
Suppose -2*r + 76 = 5*t, -2*r = -t + r + 5. Suppose 4 = -4*j, i - 18 - t = j. Calculate the remainder when 116 is divided by i.
23
Let z(i) = 9*i**2 - 13*i + 2. What is the remainder when z(-9) is divided by (-4)/(-3) + (-5522)/792*-12?
83
Suppose 746 - 4275 = -25*q + 896. What is the remainder when 864 is divided by q?
156
Let y = 1966 + -1889. What is the remainder when 1691 is divided by y?
74
Let q = 398 - -1555. Suppose 0 = 10*k + 21*k - q. Suppose 26 = 3*z - z. Calculate the remainder when k is divided by z.
11
Suppose -34*t - 48 = -38*t. Suppose -645 = 10*v - 13*v. Calculate the remainder when v is divided by t.
11
Let s = 2513 + -2499. Calculate the remainder when 1063 is divided by s.
13
Let o = 2099 + -2053. What is the remainder when 264 is divided by o?
34
Let k(j) = -5*j - 27. Let b be k(-6). Suppose -b*h - 310 - 2 = -3*r, -4*r - 3*h + 444 = 0. Calculate the remainder when r is divided by 56.
52
Let k = 31102 - 31050. What is the remainder when 4867 is divided by k?
31
Let x(o) = 7*o**3 - 13*o**2 + 57*o + 64. What is the remainder when x(8) is divided by 13?
9
Let u = -3 + 26. Suppose -5 = -i + u. Suppose -4956*g - 219 + 1179 = -4892*g. What is the remainder when i is divided by g?
13
Suppose 10200*a - 10145*a = 109230. What is the remainder when a is divided by 335?
311
Let s = -15 - -20. Let o = -73 - -103. What is the remainder when 4/(-26) - o/(-26) - -13 is divided by s?
4
Let a(o) = 6*o + 1. Let g be a(0). Let v be g*(-1)/2*0/1. Suppose v = 5*y - 48 - 2. Calculate the remainder when 49 is divided by y.
9
Suppose -36*l = -46*l + 80. What is the remainder when l is divided by (2/(-6))/(1/(-15))?
3
What is the remainder when 229 is divided by ((-124)/10)/(-2 - 84/(-45))?
43
Suppose 730*s = 755*s - 1725. Calculate the remainder when 262 is divided by s.
55
Let h(t) = -t**2 + 34 - 64*t + 21*t + 32*t. Let b(x) = -x**2 - 12*x + 34. Let s(w) = -3*b(w) + 4*h(w). What is the remainder when s(-10) is divided by 9?
5
Let r be -2 + 1 - (-54 - (-6 - -5)). Suppose 4*w - 2*p - 174 = r, w - 44 = 3*p. Suppose -5*o - 105 = -10*o. Calculate the remainder when w is divided by o.
17
Let u = -4551 + 4610. Calculate the remainder when 209 is divided by u.
32
What is the remainder when 546 is divided by (-2)/(-4)*(103 - -175)?
129
Let n(p) = -p**2 - 11*p + 3. Let q be n(-6). Let y = q - 17. Let j = -35 + 60. Calculate the remainder when j is divided by y.
9
Calculate the remainder when 10 + 15/((-180)/(-24)) + 17530 is divided by 53.
52
Let f = -10863 - -11541. What is the remainder when f is divided by 60?
18
Suppose 2*v - 46 = -2*y - 2*y, -4*y + 48 = 4*v. Suppose y*d = -58 + 1972. What is the remainder when d is divided by 47?
33
Suppose 234 = -5*y + 724. Suppose -78*o + y*o = 840. What is the remainder when o is divided by 1/(-3) - (-112)/12?
6
Let h = 3217 + -3132. Calculate the remainder when 156 is divided by h.
71
Suppose 151 = 2*v + r, -176 = -3*v - r + 54. What is the remainder when 3157 is divided by v?
76
Suppose 0 = 5*y - 5*m - 8 - 67, 33 = 2*y - 3*m. What is the remainder when 3765 is divided by y?
9
Suppose 4*p + 3441 = 3*u, -2*u = -4*u - p + 2305. Calculate the remainder when u is divided by 55.
51
Let t(i) = -854*i - 11014. Calculate the remainder when t(-14) is divided by 300.
42
Let c(y) = y**3 - 14*y**2 + 6*y - 11. Suppose 0 = 5*q - 0*q - 75. Calculate the remainder when c(14) is divided by q.
13
Suppose 4*q - 61 + 45 = 0. Suppose 5*d - 546 - q = 0. What is the remainder when d is divided by 29?
23
Let y(i) = -i**2 - 4*i + 7. Let n be y(-6). Let d(u) = u**3 + 8*u**2 + 8*u - 8. What is the remainder when 75 is divided by d(n)?
21
Let d(w) = 3*w**2 + 442*w - 3651. What is the remainder when 176 is divided by d(8)?
22
Suppose 0 = 2*i + 2*l - 148, -44 = 2*i - 3*i + 5*l. Let u(p) = 268*p - 506. What is the remainder when i is divided by u(2)?
9
Let h(f) = 40*f**2 + 59*f - 10. What is the remainder when h(6) is divided by 14?
6
Suppose -3*h - 57 = -3*p, -4*h = p + 2*p - 36. Let x = 4235 - 4095. Calculate the remainder when x is divided by p.
12
Suppose 0 = 4*z - 0*z + 48. Let o = 295 - 210. Calculate the remainder when o is divided by (-6)/z - (-57)/2.
27
Suppose 2*g - 9 + 5 = 0. Calculate the remainder when 143 is divided by (8 + (1 - g))/((-7)/(-21)).
17
Let i(d) = -d**3 + 17*d**2 + 4*d - 25. Let b be i(17). Let z = b - 45. Calculate the remainder when (17 + -9)*z/(-4) is divided by 1.
0
Suppose 4*u - 485 = 3*s, -2*s - 445 = -2*u - 201. Suppose -4*v + 106 = 6. What is the remainder when u is divided by v?
19
Suppose -27*j = -42*j + 435. What is the remainder when 228 is divided by j?
25
Let x = -6 - -11. Let l(o) = 3*o**2 - 30*o + 80. Calculate the remainder when l(6) is divided by x.
3
Let j(m) = m**2 + m - 55. What is the remainder when 5655 is divided by j(-13)?
100
Let a(y) = 4*y**3 + 12*y**2 - 12*y + 14. Let f be a(5). Let c = 919 - f. Calculate the remainder when c is divided by 26.
9
Suppose 24*m - 29*m = 15, 0 = -5*j - 5*m + 8870. Calculate the remainder when j is divided by 126.
13
Let r(o) = -3*o - 32. Suppose 16*l = -11*l + 270. Calculate the remainder when l is divided by r(-12).
2
Let p(x) = -227*x + 462. Suppose 5*l = 5*d - 70 + 20, 2*l + 8 = 0. What is the remainder when p(2) is divided by d?
2
Let n = 977 - 920. What is the remainder when 2279 is divided by n?
56
Suppose -4*t = -2*r - 484, -3*t + 2*r = -226 - 137. Suppose -165 = -124*o + t*o. Calculate the remainder when o is divided by 14.
13
Let o = 6234 + -6189. What is the remainder when 286 is divided by o?
16
Suppose 961 = 31*v - 26*v - 3*z, 2*v - 3*z - 370 = 0. Calculate the remainder when v is divided by 12.
5
Let f = -125 + 130. Suppose f*q - 3*c - 247 = 0, 5*q + 5*c - 6*c = 239. Calculate the remainder when 187 is divided by q.
46
Let u(s) = -6*s - 16. Let z be u(-3). Suppose z*i = -2*m + 24, 4*i = 4*m - 0 - 24. Calculate the remainder when 61 is divided by m.
7
Calculate the remainder when (-2)/(((-6)/314)/(7410/260)) is divided by 5.
3
Let n = 22831 + -22792. Suppose -3*j + 48 = j. Let s = j - -2. What is the remainder when n is divided by s?
11
Let h(n) = 4*n**2 + 2*n - 5. Let d be h(-9). Let i = d + -276. Calculate the remainder when 66 is divided by i.
16
Let f(p) = -p**3 + 6*p**2 + 4*p + 2. Suppose 2211 = -23*w - 2355 + 4750. Calculate the remainder when f(4) is divided by w.
2
Suppose 9195 = 5*y - 4*n, 0 = 5*y - 3*n - 3941 - 5249. What is the remainder when y is divided by 102?
101
Let u be (-2 - -41)*(35/3)/7. Let w = -5 - -9. Suppose -13 + u = w*n. What is the remainder when 77 is divided by n?
12
Let k(j) = -j**3 + 7*j**2 + 4*j + 11. Let s = -253 - -259. Let p(z) = 2*z**2 - 2*z + 2. What is the remainder when k(s) is divided by p(-3)?
19
What is the remainder when (-4)/(-46) - 308784/(-3864) is divided by 47?
33
Let p = 14 + 10. Let v = p + -7. What is the remainder when 27 is divided by (-1164)/(-68) - 2/v?
10
Calculate the remainder when (18/(-5) - -3 - 437/(-95)) + 290 is divided by 51.
39
Suppose t - 4686 = 104*p - 109*p, 4*p - 4*t = 3744. What is the remainder when p is divided by 10?
7
Suppose -x = 4*a + 14, -7*x - 29 = 5*a - 0. Calculate the remainder when (a/(-9) + 0/2)*219 is divided by 25.
23
Let o be (1 - 4)/(2/(-30)). Let u = -5383 + 5361. Let b = o + u. What is the remainder when b is divided by 13?
10
What is the remainder when 96 is divided by (36/(-8))/((-120)/(-16) + -8)?
6
Suppose -5*w = 3738 - 16948. Suppose -530 = -8*d - w. Calculate the remainder when 85 is divided by ((-1)/3)/(-1 + (-260)/d).
19
Suppose 4*h + 3 = 3*u + 2*u, h + 5 = -3*u. Let w = h + 4. Suppose -15 = w*i - 57. What is the remainder when 82 is divided by i?
19
Let q = 7115 - 6570. Let u = 80 + -56. What is the remainder when q is divided by u?
17
Let x be (16/32)/(1*1/28). Let y(t) = t**3 - 15*t**2 + 15*t - 15. Let j be y(x). What is the remainder when 1 is divided by 4 + (j - (0 + 2))?
0
Let r = -231 + 238. Calculate the remainder when r + 2 + 624/4 is divided by 28.
25
Suppose 0 = -43*p + 34 + 4223. Calculate the remainder when 275 is divided by p.
77
Suppose 0 = -5*o - v + 1319, 5*o - 882 -